0715)/420*8/(-3). Calculate the highest common divisor of k and 168.
14
Suppose -6561 + 30993 = 2*j + 4*l, -l - 12216 = -j. Calculate the highest common factor of j and 36.
12
Let m(d) = -d**2 - 12*d - 16. Let z be m(-5). Suppose -z = -u - 247. Let y = -162 - u. What is the highest common factor of y and 6?
6
Let y = 13201 + -11491. Calculate the greatest common divisor of y and 836.
38
Let v be (151 + 2 - -3)/(1/20). What is the greatest common divisor of v and 13?
13
Suppose -5*x + 8 = 3*f - 9, 4*f - 2*x - 40 = 0. Suppose -3*d + 3*c = -561, -f*c + 10*c + 376 = 2*d. What is the highest common divisor of d and 27?
27
Suppose -h = l - 3*h - 15, -2*l - 4*h + 14 = 0. Suppose l*p - 322 = -3*p. What is the greatest common divisor of p and 1?
1
Let p be 18*-1*((-11 - (-5772)/(-36)) + 10). What is the highest common divisor of p and 72?
24
Let q = 241 - 172. Let g(l) = -l**3 - 13*l**2 - 84*l - 659. Let v be g(-11). What is the greatest common divisor of v and q?
23
Let u = 7254 + -6494. Calculate the highest common divisor of u and 120.
40
Suppose -7*h + 10*h - 15 = 0. Suppose -6*j + j + 90 = -3*y, 115 = h*j + 2*y. Calculate the greatest common divisor of j and 91.
7
Suppose 2480 = -11*x + 3335 + 7307. Calculate the greatest common factor of x and 848.
106
Let n be ((-115)/15 + 9)*(-18)/4 - -91. Calculate the highest common divisor of n and 1343.
17
Suppose 2*n - 1128 = 25*n - 1151. What is the greatest common divisor of 1601 and n?
1
Suppose 4*c = -109*z + 112*z - 2413, 2*c = -14. What is the greatest common factor of z and 3?
3
Suppose 2*r + 18 = -3*n, -3*r + 2*n = -0*n + 40. Let l = r + 29. Suppose 197 = 4*m + l. Calculate the highest common divisor of 5 and m.
5
Let s(p) = 19*p**2 - 10*p + 14. Let g be (-8)/((-48)/(-8) - 10). Let d be s(g). What is the highest common divisor of 14 and d?
14
Let c(o) = o**2 - 9*o + 16. Let w be c(7). Suppose -3*v + 810 = 4*j, 4*v = w*j - 0*v - 416. Calculate the highest common factor of 12 and j.
12
Let d be (-2314)/(-5) + 1 + (-9 - 1472/(-160)). Calculate the greatest common factor of 16 and d.
16
Let c = -2226 + 4964. Calculate the greatest common factor of c and 74.
74
Let i be ((-43)/2 + (-102)/(-68))*195/(-4). Calculate the highest common divisor of i and 3.
3
Let p(g) = -g**2 - 10*g + 80. Let l be p(-15). Suppose -4*q + 5*b = -2186, -2*q + 559 = -q + l*b. What is the highest common divisor of 9 and q?
9
Let n(f) = f**3 - f**2 + 12*f - 31. Let k be n(7). Suppose -3*a - 5*q = -k, a - 125 + 10 = -q. What is the greatest common divisor of 19 and a?
19
Let g = -22078 - -24079. Calculate the greatest common factor of g and 174.
87
Suppose 0 = -5*j - 3*t + 466, 15*j - 366 - 1128 = 3*t. What is the highest common factor of 55958 and j?
98
Let q be -1*(60 + 3)*27/(-27). Suppose -6*b + w + 387 = -b, 5*b = 4*w + 393. Calculate the greatest common factor of b and q.
7
Let f = -12928 + 12948. Calculate the highest common factor of f and 14660.
20
Let p(q) = -4*q. Let j be p(-2). Suppose -2*n - 22 = -i, 3*i - 2*n = -2*i + 118. What is the greatest common factor of j and i?
8
Let z be -65*5/25 - -17. Let f = -10 - -38. Calculate the highest common divisor of f and z.
4
Suppose 4*b = -3 + 55. Suppose q = 2*u - 291, u - 9*q - 141 = -b*q. Suppose 31 + 85 = 2*j. What is the highest common divisor of u and j?
29
Let b be (0 - 47)/((-1)/5) - -7. Calculate the highest common factor of b and 4598.
242
Let d be (-476)/(-24) + 1127/966. Suppose -505 = -5*b + 5*x, -b = -5*b - 2*x + 428. Suppose b = -a + 2*a. What is the highest common factor of d and a?
21
Suppose 2*h - 96 = t, 18 + 30 = h + 5*t. Suppose 179 = 4*v + x, 85 = 5*v - 3*v + 5*x. Let g = v + -33. What is the greatest common factor of g and h?
12
Let y(m) = m**3 + 29*m**2 + 45*m - 28. Let i be y(-21). What is the highest common divisor of 35 and i?
35
Suppose -448*l = -437*l - 24354. What is the highest common divisor of 656 and l?
82
Let r(l) = -194 - 14*l - 193 + 305. Let a be r(-11). Calculate the highest common divisor of 84 and a.
12
Suppose 4*u - 203 = 2*u - 3*o, -8*u + 861 = 5*o. Calculate the highest common factor of 6328 and u.
56
Let h(u) = 24*u + 3*u**2 + 3*u**2 + 8*u - 2*u**2 + 164. Let a be h(-6). Calculate the greatest common divisor of a and 290.
58
Let s(x) = -x**3 - 4*x**2 - 5*x - 7. Let q be s(-5). Suppose -504 = q*z - 37*z. Let t = z - -93. Calculate the greatest common factor of t and 63.
9
Suppose 2*g = -2*u + 3*u - 9, -5*g = -5*u + 20. Let x(q) = 3*q + 18. Let d be x(g). Suppose 4*z - d = 9. What is the greatest common factor of z and 1?
1
Suppose -451 = 4*b - 831. What is the greatest common factor of 380 and b?
95
Let n(o) = -49*o**2 + 5*o. Let u be n(-1). Let z be -105*(-12)/u*(-288)/5. What is the greatest common divisor of z and 84?
84
Let o(m) = -2*m**3 + 14*m**2 - 32*m - 7. Let w be o(6). Let c be ((-4)/6)/(2/(-606)). Let f = w + c. Calculate the greatest common factor of f and 30.
15
Let w(r) = 22*r**2 - 5*r - 2. Suppose 25 = 5*l - 0*l + 5*v, 0 = -4*l + 4*v + 12. Let q be w(l). What is the greatest common factor of 30 and q?
30
Suppose -40*g - 312 = -41*g. Let s be 13689/g + (-1)/(-8). Let n(o) = -o**3 + o**2 + o + 22. Let t be n(0). Calculate the highest common factor of t and s.
22
Let v be 38498/20 + 3/30. Suppose 0 = -7*f + 280 + v. Let h(n) = n**2 - n + 35. Let q be h(0). Calculate the highest common factor of q and f.
35
Let v(z) = 196*z - 19950. Let f be v(102). Let d(r) = 7*r**3 + 2*r**2 + r - 1. Let x be d(4). What is the highest common divisor of f and x?
21
Let f(d) be the first derivative of -d**3/3 + 8*d**2 - 3*d - 238. Let m be f(10). What is the highest common divisor of 3 and m?
3
Suppose 4*z + 5*b = 11298, 46*b = z + 42*b - 2814. Calculate the greatest common factor of 102 and z.
34
Suppose 19*y - 15*y + 3*w - 46 = 0, -4*y - 5*w + 50 = 0. Suppose y*k - 62 = 2998. What is the highest common factor of 408 and k?
102
Let o(q) = 43*q - 160. Let v be o(4). Calculate the highest common divisor of v and 3648.
12
Let u = -8288 + 8351. Calculate the greatest common divisor of u and 4515.
21
Let y be (-9159)/((-300)/(-24) + -14). Calculate the greatest common factor of y and 86.
86
Suppose 2*r - 271 = -43. Suppose -2*d = 5*c - 326 + r, -4*c = -3*d + 272. Let g = -35 - -47. Calculate the highest common factor of d and g.
12
Let r(l) = -4*l + 3. Let i be r(3). Let k = i - -16. Let f = 83423 - 83353. What is the highest common factor of k and f?
7
Suppose -102120 = -61*d + 3288. Calculate the greatest common divisor of d and 27.
27
Let z(c) = 4*c**2 - 134*c + 246. Let s be z(32). What is the highest common factor of s and 1266?
6
Let a be (-4)/26 + 6732/156. Suppose 0 = a*v - 8084 - 13588. Calculate the highest common divisor of v and 63.
63
Let b = 232 - 179. Suppose 3066 = b*u - 114. Suppose 4*m = 5*q + 65, -4*m = -2*q - 44 - 30. Calculate the greatest common factor of m and u.
20
Let r be 1064/(-57)*(-114)/8. Let l = -168 - -244. Calculate the greatest common factor of l and r.
38
Suppose 5144 + 11180 = 49*x + 28*x. Calculate the greatest common factor of 106 and x.
106
Let y = -34 + 60. Let g = 376 + -372. Suppose g*l = 5*r + 94, -2*l - 3*r + 62 = 2*r. What is the highest common divisor of l and y?
26
Let t = 61570 + -61500. Let s be (-10)/3*(-48)/2. Calculate the greatest common factor of t and s.
10
Let l(z) = -29*z**2 + 40*z + 39. Let k be l(-1). Let u be k/(6/1)*4/(-10). What is the highest common factor of u and 7?
1
Let h be 1 - (-6)/(3 - 0). Suppose -3*m + 42 = 3*u, 0 = -h*m - 0*m - 4*u + 40. Let b = 11 + -9. What is the greatest common divisor of m and b?
2
Suppose 4*n + 220 = -6*n. Let f(x) = 2*x + 35. Let i be f(n). Let q(c) = -6*c - 19. Let j be q(i). Calculate the highest common divisor of j and 385.
35
Let g(t) = -16*t - 118. Let h be g(-10). Let v be 1272/h + -5 + 12/(-42). Let i = 621 - 421. What is the greatest common factor of v and i?
25
Suppose x - 3*k = -2*x + 276, -4*x + 413 = 5*k. Let w = x - 81. What is the highest common divisor of w and 512?
16
Suppose 5*z + 3*t = 178 + 121, -5*z - 5*t + 305 = 0. What is the greatest common divisor of 3306 and z?
58
Let d be 0/1 - -3*((-30)/(-9))/5. What is the greatest common factor of d and 1018?
2
Let a be 45/(-30) + (-837)/(-2). Suppose k + 2*h - 210 = 0, -4*k + 2*k + a